{"id":1483,"date":"2026-04-01T00:33:36","date_gmt":"2026-03-31T21:33:36","guid":{"rendered":"https:\/\/archinem.com\/?page_id=1483"},"modified":"2026-04-01T00:42:30","modified_gmt":"2026-03-31T21:42:30","slug":"akkordion-p%c9%99nc%c9%99r%c9%99-sistemi","status":"publish","type":"page","link":"https:\/\/archinem.com\/?page_id=1483","title":{"rendered":"AKKORD\u0130ON P\u018fNC\u018fR\u018f"},"content":{"rendered":"\t\t<div data-elementor-type=\"wp-page\" data-elementor-id=\"1483\" class=\"elementor elementor-1483\">\n\t\t\t\t<div class=\"elementor-element elementor-element-fc1337a e-flex e-con-boxed e-con e-parent\" data-id=\"fc1337a\" data-element_type=\"container\" data-e-type=\"container\">\n\t\t\t\t\t<div class=\"e-con-inner\">\n\t\t\t\t<div class=\"elementor-element elementor-element-3949696 elementor-widget elementor-widget-image\" data-id=\"3949696\" data-element_type=\"widget\" data-e-type=\"widget\" data-widget_type=\"image.default\">\n\t\t\t\t\t\t\t\t\t\t\t\t\t\t\t<img fetchpriority=\"high\" decoding=\"async\" width=\"720\" height=\"499\" src=\"https:\/\/archinem.com\/wp-content\/uploads\/2026\/04\/akkordion.jpg\" class=\"attachment-large size-large wp-image-1486\" alt=\"\" srcset=\"https:\/\/archinem.com\/wp-content\/uploads\/2026\/04\/akkordion.jpg 720w, https:\/\/archinem.com\/wp-content\/uploads\/2026\/04\/akkordion-300x208.jpg 300w, https:\/\/archinem.com\/wp-content\/uploads\/2026\/04\/akkordion-600x416.jpg 600w\" sizes=\"(max-width: 720px) 100vw, 720px\" \/>\t\t\t\t\t\t\t\t\t\t\t\t\t\t\t<\/div>\n\t\t\t\t\t<\/div>\n\t\t\t\t<\/div>\n\t\t<div class=\"elementor-element elementor-element-15cc121 e-flex e-con-boxed e-con e-parent\" data-id=\"15cc121\" data-element_type=\"container\" data-e-type=\"container\">\n\t\t\t\t\t<div class=\"e-con-inner\">\n\t\t<div class=\"elementor-element elementor-element-46dd3f5 e-con-full e-flex e-con e-child\" data-id=\"46dd3f5\" data-element_type=\"container\" data-e-type=\"container\">\n\t\t\t\t<div class=\"elementor-element elementor-element-e6d254a elementor-widget elementor-widget-text-editor\" data-id=\"e6d254a\" data-element_type=\"widget\" data-e-type=\"widget\" data-widget_type=\"text-editor.default\">\n\t\t\t\t\t\t\t\t\t<p data-start=\"345\" data-end=\"653\">Akkordion p\u0259nc\u0259r\u0259 sistemi (bifold window) m\u00fcasir memarl\u0131qda geni\u015f istifad\u0259 olunan, funksionall\u0131q v\u0259 estetik g\u00f6r\u00fcn\u00fc\u015f\u00fc bir araya g\u0259tir\u0259n innovativ a\u00e7\u0131l\u0131\u015f h\u0259llidir. Bu sistem bir ne\u00e7\u0259 paneld\u0259n ibar\u0259t olub, x\u00fcsusi mente\u015f\u0259 v\u0259 rels mexanizmi vasit\u0259sil\u0259 qatlanaraq bir t\u0259r\u0259f\u0259 toplan\u0131r v\u0259 maksimum a\u00e7\u0131q sah\u0259 yarad\u0131r.<\/p><p data-start=\"655\" data-end=\"863\">Bu tip p\u0259nc\u0259r\u0259l\u0259r x\u00fcsusil\u0259 geni\u015f a\u00e7\u0131ql\u0131q t\u0259l\u0259b olunan m\u0259kanlar \u00fc\u00e7\u00fcn ideal se\u00e7imdir. Balkon, terras, restoran v\u0259 villa layih\u0259l\u0259rind\u0259 istifad\u0259 olunduqda daxili v\u0259 xarici m\u00fchit aras\u0131nda s\u0259rh\u0259di minimuma endirir.<\/p><p data-start=\"865\" data-end=\"886\"><strong data-start=\"865\" data-end=\"886\">\u018fsas \u00fcst\u00fcnl\u00fckl\u0259r:<\/strong><\/p><ul data-start=\"888\" data-end=\"1080\"><li data-section-id=\"10t81mm\" data-start=\"888\" data-end=\"935\">Maksimum a\u00e7\u0131l\u0131\u015f imkan\u0131 v\u0259 panoramik g\u00f6r\u00fcnt\u00fc<\/li><li data-section-id=\"1ov8spb\" data-start=\"936\" data-end=\"964\">M\u00fcasir v\u0259 estetik dizayn<\/li><li data-section-id=\"1jfde1p\" data-start=\"965\" data-end=\"1003\">T\u0259bii i\u015f\u0131\u011f\u0131n maksimum daxil olmas\u0131<\/li><li data-section-id=\"1cnu6q5\" data-start=\"1004\" data-end=\"1051\">Y\u00fcks\u0259k keyfiyy\u0259tli izolyasiya g\u00f6st\u0259ricil\u0259ri<\/li><li data-section-id=\"fhr899\" data-start=\"1052\" data-end=\"1080\">Rahat v\u0259 s\u0259ssiz istifad\u0259<\/li><\/ul><p data-start=\"1082\" data-end=\"1245\">Akkordion sisteml\u0259r h\u0259m vizual olaraq m\u0259kan\u0131 geni\u015f g\u00f6st\u0259rir, h\u0259m d\u0259 istifad\u0259 rahatl\u0131\u011f\u0131 bax\u0131m\u0131ndan klassik p\u0259nc\u0259r\u0259 sisteml\u0259rind\u0259n daha \u00fcst\u00fcn performans t\u0259qdim edir.<\/p>\t\t\t\t\t\t\t\t<\/div>\n\t\t\t\t<\/div>\n\t\t<div class=\"elementor-element elementor-element-7f19b46 e-con-full e-flex e-con e-child\" data-id=\"7f19b46\" data-element_type=\"container\" data-e-type=\"container\">\n\t\t\t\t<div class=\"elementor-element elementor-element-118045a elementor-widget elementor-widget-image\" data-id=\"118045a\" data-element_type=\"widget\" data-e-type=\"widget\" data-widget_type=\"image.default\">\n\t\t\t\t\t\t\t\t\t\t\t\t\t\t\t<img decoding=\"async\" width=\"682\" height=\"1024\" src=\"https:\/\/archinem.com\/wp-content\/uploads\/2026\/04\/download-682x1024.jpg\" class=\"attachment-large size-large wp-image-1487\" alt=\"\" srcset=\"https:\/\/archinem.com\/wp-content\/uploads\/2026\/04\/download-682x1024.jpg 682w, https:\/\/archinem.com\/wp-content\/uploads\/2026\/04\/download-200x300.jpg 200w, https:\/\/archinem.com\/wp-content\/uploads\/2026\/04\/download-600x901.jpg 600w, https:\/\/archinem.com\/wp-content\/uploads\/2026\/04\/download.jpg 736w\" sizes=\"(max-width: 682px) 100vw, 682px\" \/>\t\t\t\t\t\t\t\t\t\t\t\t\t\t\t<\/div>\n\t\t\t\t<\/div>\n\t\t<div class=\"elementor-element elementor-element-7a32097 e-con-full e-flex e-con e-child\" data-id=\"7a32097\" data-element_type=\"container\" data-e-type=\"container\">\n\t\t\t\t<div class=\"elementor-element elementor-element-f65256d elementor-widget elementor-widget-image\" data-id=\"f65256d\" data-element_type=\"widget\" data-e-type=\"widget\" data-widget_type=\"image.default\">\n\t\t\t\t\t\t\t\t\t\t\t\t\t\t\t<img decoding=\"async\" width=\"735\" height=\"736\" src=\"https:\/\/archinem.com\/wp-content\/uploads\/2026\/04\/Aluminum-BiFold-Door-\u2013-96\u2033-x-96\u2033-3L-Outswing-in-Black.jpg\" class=\"attachment-newspack-article-block-landscape-large size-newspack-article-block-landscape-large wp-image-1489\" alt=\"\" srcset=\"https:\/\/archinem.com\/wp-content\/uploads\/2026\/04\/Aluminum-BiFold-Door-\u2013-96\u2033-x-96\u2033-3L-Outswing-in-Black.jpg 735w, https:\/\/archinem.com\/wp-content\/uploads\/2026\/04\/Aluminum-BiFold-Door-\u2013-96\u2033-x-96\u2033-3L-Outswing-in-Black-300x300.jpg 300w, https:\/\/archinem.com\/wp-content\/uploads\/2026\/04\/Aluminum-BiFold-Door-\u2013-96\u2033-x-96\u2033-3L-Outswing-in-Black-150x150.jpg 150w, https:\/\/archinem.com\/wp-content\/uploads\/2026\/04\/Aluminum-BiFold-Door-\u2013-96\u2033-x-96\u2033-3L-Outswing-in-Black-600x601.jpg 600w, https:\/\/archinem.com\/wp-content\/uploads\/2026\/04\/Aluminum-BiFold-Door-\u2013-96\u2033-x-96\u2033-3L-Outswing-in-Black-100x100.jpg 100w\" sizes=\"(max-width: 735px) 100vw, 735px\" \/>\t\t\t\t\t\t\t\t\t\t\t\t\t\t\t<\/div>\n\t\t\t\t<\/div>\n\t\t<div class=\"elementor-element elementor-element-7952bef e-con-full e-flex e-con e-child\" data-id=\"7952bef\" data-element_type=\"container\" data-e-type=\"container\">\n\t\t\t\t<div class=\"elementor-element elementor-element-23120c5 elementor-widget elementor-widget-text-editor\" data-id=\"23120c5\" data-element_type=\"widget\" data-e-type=\"widget\" data-widget_type=\"text-editor.default\">\n\t\t\t\t\t\t\t\t\t<p data-start=\"1352\" data-end=\"1518\">Akkordion p\u0259nc\u0259r\u0259 sisteml\u0259ri y\u00fcks\u0259k keyfiyy\u0259tli materiallar v\u0259 d\u0259qiq m\u00fch\u0259ndislik hesablamalar\u0131 il\u0259 istehsal olunur. Bu, uzun\u00f6m\u00fcrl\u00fcl\u00fck v\u0259 etibarl\u0131 istismar t\u0259min edir.<\/p><p data-start=\"1520\" data-end=\"1546\"><strong data-start=\"1520\" data-end=\"1546\">Texniki x\u00fcsusiyy\u0259tl\u0259r:<\/strong><\/p><ul data-start=\"1548\" data-end=\"1840\"><li data-section-id=\"dp1a2s\" data-start=\"1548\" data-end=\"1583\"><strong data-start=\"1550\" data-end=\"1561\">Profil:<\/strong> Al\u00fcminium\u00a0<\/li><li data-section-id=\"a3p5il\" data-start=\"1584\" data-end=\"1637\"><strong data-start=\"1586\" data-end=\"1595\">\u015e\u00fc\u015f\u0259:<\/strong> Temperli, ikiqat v\u0259 ya \u00fc\u00e7qat \u015f\u00fc\u015f\u0259 paket<\/li><li data-section-id=\"xbnzkm\" data-start=\"1638\" data-end=\"1702\"><strong data-start=\"1640\" data-end=\"1653\">Mexanizm:<\/strong> Rulmanl\u0131 rels sistemi (\u00fcst v\u0259 ya alt da\u015f\u0131y\u0131c\u0131)<\/li><li data-section-id=\"j4q74q\" data-start=\"1703\" data-end=\"1772\"><strong data-start=\"1705\" data-end=\"1720\">\u0130zolyasiya:<\/strong> \u0130stilik v\u0259 s\u0259s ke\u00e7irm\u0259zlik \u00fczr\u0259 y\u00fcks\u0259k performans<\/li><li data-section-id=\"1h0llzo\" data-start=\"1773\" data-end=\"1840\"><strong data-start=\"1775\" data-end=\"1791\">Aksesuarlar:<\/strong> Keyfiyy\u0259tli mente\u015f\u0259l\u0259r v\u0259 kilidl\u0259m\u0259 sisteml\u0259ri<\/li><\/ul><p data-start=\"1842\" data-end=\"1864\"><strong data-start=\"1842\" data-end=\"1864\">\u0130stifad\u0259 sah\u0259l\u0259ri:<\/strong><\/p><ul data-start=\"1866\" data-end=\"1985\"><li data-section-id=\"r1rxxm\" data-start=\"1866\" data-end=\"1896\">Ya\u015fay\u0131\u015f evl\u0259ri v\u0259 villalar<\/li><li data-section-id=\"q7sajv\" data-start=\"1897\" data-end=\"1920\">Restoran v\u0259 kafel\u0259r<\/li><li data-section-id=\"1n4skdh\" data-start=\"1921\" data-end=\"1954\">Ofis v\u0259 kommersiya obyektl\u0259ri<\/li><li data-section-id=\"109kvhr\" data-start=\"1955\" data-end=\"1985\">Balkon v\u0259 terras \u00e7\u0131x\u0131\u015flar\u0131<\/li><\/ul><p data-start=\"1987\" data-end=\"2152\">Do\u011fru se\u00e7ilmi\u015f akkordion p\u0259nc\u0259r\u0259 sistemi yaln\u0131z estetik g\u00f6r\u00fcn\u00fc\u015f deyil, h\u0259m d\u0259 enerji s\u0259m\u0259r\u0259liliyi v\u0259 funksional rahatl\u0131q bax\u0131m\u0131ndan uzunm\u00fcdd\u0259tli \u00fcst\u00fcnl\u00fck t\u0259min edir.<\/p>\t\t\t\t\t\t\t\t<\/div>\n\t\t\t\t<\/div>\n\t\t\t\t\t<\/div>\n\t\t\t\t<\/div>\n\t\t\t\t<\/div>\n\t\t","protected":false},"excerpt":{"rendered":"<p>Akkordion p\u0259nc\u0259r\u0259 sistemi (bifold window) m\u00fcasir memarl\u0131qda geni\u015f istifad\u0259 olunan, funksionall\u0131q v\u0259 estetik g\u00f6r\u00fcn\u00fc\u015f\u00fc bir araya g\u0259tir\u0259n innovativ a\u00e7\u0131l\u0131\u015f h\u0259llidir. Bu sistem bir ne\u00e7\u0259 paneld\u0259n ibar\u0259t olub, x\u00fcsusi mente\u015f\u0259 v\u0259 rels mexanizmi vasit\u0259sil\u0259 qatlanaraq bir t\u0259r\u0259f\u0259 toplan\u0131r v\u0259 maksimum a\u00e7\u0131q sah\u0259 yarad\u0131r. Bu tip p\u0259nc\u0259r\u0259l\u0259r x\u00fcsusil\u0259 geni\u015f a\u00e7\u0131ql\u0131q t\u0259l\u0259b olunan m\u0259kanlar \u00fc\u00e7\u00fcn ideal se\u00e7imdir. Balkon,<br \/><a class=\"moretag\" href=\"https:\/\/archinem.com\/?page_id=1483\">+ Read More<\/a><\/p>\n","protected":false},"author":1,"featured_media":1495,"parent":0,"menu_order":0,"comment_status":"closed","ping_status":"closed","template":"templates\/page-builder.php","meta":{"_crdt_document":"","advanced_seo_description":"","jetpack_seo_html_title":"","jetpack_seo_noindex":false,"footnotes":""},"class_list":["post-1483","page","type-page","status-publish","has-post-thumbnail","hentry"],"jetpack_sharing_enabled":true,"jetpack_shortlink":"https:\/\/wp.me\/Ph8j14-nV","_links":{"self":[{"href":"https:\/\/archinem.com\/index.php?rest_route=\/wp\/v2\/pages\/1483","targetHints":{"allow":["GET"]}}],"collection":[{"href":"https:\/\/archinem.com\/index.php?rest_route=\/wp\/v2\/pages"}],"about":[{"href":"https:\/\/archinem.com\/index.php?rest_route=\/wp\/v2\/types\/page"}],"author":[{"embeddable":true,"href":"https:\/\/archinem.com\/index.php?rest_route=\/wp\/v2\/users\/1"}],"replies":[{"embeddable":true,"href":"https:\/\/archinem.com\/index.php?rest_route=%2Fwp%2Fv2%2Fcomments&post=1483"}],"version-history":[{"count":13,"href":"https:\/\/archinem.com\/index.php?rest_route=\/wp\/v2\/pages\/1483\/revisions"}],"predecessor-version":[{"id":1513,"href":"https:\/\/archinem.com\/index.php?rest_route=\/wp\/v2\/pages\/1483\/revisions\/1513"}],"wp:featuredmedia":[{"embeddable":true,"href":"https:\/\/archinem.com\/index.php?rest_route=\/wp\/v2\/media\/1495"}],"wp:attachment":[{"href":"https:\/\/archinem.com\/index.php?rest_route=%2Fwp%2Fv2%2Fmedia&parent=1483"}],"curies":[{"name":"wp","href":"https:\/\/api.w.org\/{rel}","templated":true}]}}